/2 + u + 2. Suppose 8*p + 200 = 18*p. Let v be (-1 - p/(-12))*(-45)/6. What is w(v)?
6
Let q = -40 - -38. Let k(r) be the second derivative of -r**6/60 - r**5/30 + r**3/6 - 2*r**2 + r. Let h(x) be the first derivative of k(x). Calculate h(q).
9
Suppose 4*y - 266 + 282 = 0. Let t(g) = -g**3 - 4*g**2 + 3*g - 1. Determine t(y).
-13
Let d(r) be the first derivative of -r**3/3 + 3*r**2/2 + 7*r + 17. Determine d(5).
-3
Suppose -5*v - 188 = 42*v. Let b(p) = -6*p - 5. Calculate b(v).
19
Suppose -5 = 2*p - 9. Let h be 1*p*117/26. Suppose h = 3*d - a + 1, 3*a + 10 = 2*d. Let r(t) = 3*t**2 - 4*t + 3. Calculate r(d).
7
Let c(d) = 19*d + 24. Let a(b) = 13*b + 15. Let y(k) = 8*a(k) - 5*c(k). Let m(h) = h. Let s be m(1). What is y(s)?
9
Let p(v) be the third derivative of -v**5/60 - v**4/8 + 2*v**3/3 + 252*v**2. Give p(-7).
-24
Let p(w) be the second derivative of -w**5/20 + w**4/3 - 2*w**2 + w. Suppose -2*b + 4 = -4*b, 0 = -2*i - 5*b + 26. Let j = -14 + i. Give p(j).
-4
Let t(q) = -q**3 + 5*q**2 - 5*q + 6. Suppose -2*l + 0*l - 80 = -c, -3*l = -3*c + 255. Let j be ((-6)/5)/((-27)/c). What is t(j)?
2
Let v(b) be the second derivative of b**3/6 + b**2/2 - 2*b. Let k(h) = 10*h + 3. Let t(i) = k(i) - 4*v(i). Let w be 9 - (13 - -8)/3. Determine t(w).
11
Let v be -4 + (-7)/(28/(-24)). Let p(w) = -w**3 + 0 + 0*w**v + 5 + 0*w**2 + w**2. Calculate p(0).
5
Let h(f) = 3*f**2 - 5*f - 6. Let p(j) = -2*j**2 + 1. Let n(d) = -h(d) - 2*p(d). Calculate n(-7).
18
Suppose -v + 14 - 10 = 0. Suppose 7*z + 2*z - v*z = 0. Let h(s) = -s + 2. What is h(z)?
2
Let w(p) = p**3 + 5*p**2 + 6*p + 6. Let r(d) = d**2 + 13*d + 25. Let a be r(-12). Suppose 9 - a = h. Give w(h).
-2
Let k(m) be the second derivative of 1/12*m**4 + 7/2*m**2 + 0 - m - m**3. What is k(5)?
2
Let r(h) = -6 - 6 + 0 - h + 8. Let b be r(-7). Let c(m) = 0 + 0*m**2 - m**2 - 2. Give c(b).
-11
Let g = -280 + 285. Let n(a) = -2*a + 7. What is n(g)?
-3
Let n(h) = -h**3 - 5*h**2 + 3*h - 1. Let v = -47 + 37. Let q = v - -4. Determine n(q).
17
Let l(j) = 13*j**2 - j + 1. Let a = -1852 + 1854. What is l(a)?
51
Let c(d) be the third derivative of -d**6/120 - 7*d**5/60 + d**3/3 + 2*d**2 + 73. Give c(-7).
2
Let o(z) = 0*z**2 + 0*z - 8*z + z**2 + 12*z. Give o(-8).
32
Let k(n) = 5*n**2 - 2*n - 2. Let w(l) = l**3 + 7*l**2 - 7*l. Let g be w(-5). Suppose 5*f - g = -35. Suppose 2*p = 3*b + 4, 2 = -4*p - 5*b + f. What is k(p)?
14
Let x(h) = h**2 - 2*h + 3. Let y be x(2). Let k(z) = -166 + 11*z + z**2 + 169 - 16*z. Give k(y).
-3
Suppose v - 91 = -2*b, 0 = 4*b - 0*b - 3*v - 167. Suppose 0 = g + 3, -g + b = 5*q + g. Suppose 5*x = 3*x - q. Let p(d) = d**3 + 5*d**2 + d + 5. Calculate p(x).
0
Let r(m) = m**2 - m - 7. Let g be -1*3*50/(-30). Calculate r(g).
13
Let j(d) = d**3 - 5*d**2 - 6*d + 4. Let c(h) = -h**3 + 2*h**2 + 3*h - 5. Let z be c(4). Let w = -19 - z. Calculate j(w).
4
Let r(b) = -38*b**3 - 23*b**2 + 4. Let x(t) = 17*t**3 + 10*t**2 - 2. Let q(g) = -4*r(g) - 9*x(g). Let n = 3 - 1. Suppose n*k + 2*k - 8 = 0. Determine q(k).
2
Let x(t) = -t**3 - 7*t**2 - 3*t - 16. Let c be x(-7). Let w(q) = q - c*q + 3*q. Calculate w(6).
-6
Let d(m) = 9*m - 440 - 443 + 882. Let h(s) = -s**3 + 2*s**2 + 5*s - 4. Let n be h(3). Give d(n).
17
Let q(i) = 5*i + 0 - 10*i + 4 + 0*i. What is q(4)?
-16
Let d(x) = -9*x. Let w(y) = -36*y. Let b(r) = 9*d(r) - 2*w(r). Give b(4).
-36
Let g(a) = 3*a - 2. Let j(u) be the third derivative of u**4/12 - u**3/6 + 14*u**2. Let v(z) = -3*g(z) + 4*j(z). Give v(0).
2
Let o(n) = 2*n**2 + 9*n + 19. Let j(k) = 3*k**2 + 13*k + 29. Let t(g) = 5*j(g) - 8*o(g). Give t(-4).
5
Let v(g) = 26*g - 8. Let t(r) = -12*r + 5. Let o(p) = 9*t(p) + 4*v(p). Calculate o(6).
-11
Let q(w) = w**3 - 37*w**2 - 118*w - 79. Let m be q(40). Let j(i) = 24*i**2. Give j(m).
24
Let h(a) be the third derivative of a**5/60 + a**4/6 - a**3/2 - a**2. Suppose -57*w - 228 = 151 - 37. Calculate h(w).
9
Let m(k) = 25*k - 23 + 33*k + 32*k - k**2 - 79*k. Calculate m(9).
-5
Let t(w) = -15*w - 6 - 9*w - 3*w + w**2 - 10*w + 43*w. Determine t(-8).
10
Let y(l) = -l**3 - 4*l**2 + l + 4. Let r = 698 + -701. Give y(r).
-8
Let k(n) = -2. Let b(g) = -g - 12. Let w(z) = -b(z) + 4*k(z). Give w(-3).
1
Let q(v) be the third derivative of -v**6/720 + v**5/60 - 5*v**4/8 - 19*v**2. Let c(z) be the second derivative of q(z). Calculate c(2).
0
Let n(t) = 3*t**2 + 10*t + 9. Let i(r) = 2*r**2 + 5*r + 5. Let k(g) = 5*i(g) - 3*n(g). Let m = -47 + 41. Let w be (9 - m)*(-4)/(-10). Give k(w).
4
Let y(i) = -13 + 12 + i + 0*i. Let s(d) = -2*d + 14. Let n(p) = -s(p) - 3*y(p). Calculate n(-8).
-3
Let k(x) = x - 2. Let j(o) = o - 3. Let s be j(8). Suppose 3*y + v = 55, -2*v + s = -y + 35. Suppose 4*w + w = y. Determine k(w).
2
Let p(c) = 5*c - 8*c**2 + c**3 - 3*c + 21 + 2*c**2 - 22. Let z be (-30)/(-12)*(-12)/(-5). Calculate p(z).
11
Suppose 0 = -2*l + 2 + 2. Let c(q) = 5 - q**2 + 2*q**l - 3*q + q. Let f(x) = x**3 - 4*x**2 - 21*x + 4. Let o be f(7). Give c(o).
13
Let f(r) = -5*r**3 + r**2 - 3*r + 3. Let j be (6*(-10)/6)/(-5). Give f(j).
-39
Suppose -7 = 4*l + 5, -5*m - 4*l = 12. Suppose -y - y + 26 = m. Suppose -2*p = -0*p + 4*d + 2, d + y = 2*p. Let o(i) = i + 6. Determine o(p).
11
Suppose 18*v + 59 = 131. Let p(r) = -r**3 + 5*r**2 - 3*r + 5. What is p(v)?
9
Let q(a) = -2*a**3 - 13*a**2 - 33*a - 14. Let w(o) = -o**3 - 8*o**2 - 16*o - 7. Let z(s) = 2*q(s) - 5*w(s). Determine z(-13).
-6
Suppose 0 = -2*s - 3 - 1. Let i = 5 + s. Let d(x) = 5 + 2*x + x**3 - 5*x**3 + 3*x**i - 4*x**2 + 0. Calculate d(-4).
-3
Let b(l) = 6*l + 6. Let z(p) = -p**2 - 19*p + 38. Let y be z(2). Determine b(y).
-18
Let l = 769 - 512. Let f(g) = 10*g + g**2 - 2*g**2 + 246 - l. Give f(8).
5
Let r(q) = -q. Let u(g) = -g**3 + 7*g**2 - 11*g + 8. Let o(z) = 4*r(z) - u(z). What is o(6)?
-2
Let y(n) = 12*n - 30*n + 1 + 21*n. Give y(4).
13
Let r(i) = -7*i**2 - 10*i + 10. Let c(t) = -t**2 + 1. Let y(x) = -6*c(x) + r(x). What is y(-12)?
-20
Let z(k) = 1 + 3*k + 2 + 0*k - 2*k**2. Suppose -24*m - 25 = -29*m. Suppose -12 = -3*h + 3, -m*u - 25 = -3*h. Calculate z(u).
-11
Let o = -74 - -13. Let z = -42 - o. Let i(k) = 31 - 14 - z + k. Determine i(0).
-2
Let f(g) = -g**3 - 4*g**2 + 2*g + 6. Let d = -9 + 10. Let l(w) = d + 2*w - 3*w + 1 - 11. Let k be l(-5). What is f(k)?
-2
Let k(f) = -6*f**2 + 4*f + 4. Let j(y) = -y**2 - y + 1. Let u(z) = -5*j(z) + k(z). Suppose 89 = -2*w - 4*d + 93, w + 3*d = -1. Determine u(w).
7
Let y(v) be the third derivative of v**9/60480 + v**8/10080 - v**6/720 + v**5/60 - 3*v**2. Let f(i) be the third derivative of y(i). Give f(-1).
0
Let r be 2 + 1 + (-3 - -11). Let p = r - 7. Suppose 0 = -4*t - 4 - p. Let i(s) = s**3 + 2*s**2 + s + 1. What is i(t)?
-1
Let f(d) = d - 27. Let j(g) = -2*g + 1. Let a(r) = f(r) + 2*j(r). What is a(-11)?
8
Let b(x) = x + 6. Let v = 123 + -123. Let j be 120/(-20) + (-1 - v). Calculate b(j).
-1
Let k(r) = r**3 + 6*r**2 + 3*r - 6. Suppose u - 8 = -u. Suppose -8 + 2 = u*c - 2*o, -15 = -5*o. Suppose -2*d - 10 + 0 = c. Give k(d).
4
Let n be (-546)/210*10/(-2) - 5. Let r(g) = -g**3 + 6*g**2 + 14*g + 9. What is r(n)?
-7
Let c = -3 - 0. Let l be -1 + (c - 6*3/(-6)). Let i(m) = 11*m. Give i(l).
-11
Suppose 5*w + 18 = 33. Let j(o) = w*o + 11*o - 1 + 3*o + 11*o. Give j(1).
27
Let l(z) = 15*z**2 + 2*z - 1. Let i be (-259)/(-333) + 4/18. Give l(i).
16
Let r(t) = -2*t + 9. Let s = 0 - 0. Suppose -27*h = 66 - 201. Suppose -2*a + 17 = o, a - h*o + 18 + 1 = s. Determine r(a).
-3
Let z(q) = q**3 - q**2. Let x(a) = 6*a**2 - 5*a + 5. Let y(b) = x(b) - z(b). Determine y(6).
11
Let u(f) be the first derivative of -11*f**3/3 - f**2/2 + 48. Suppose p - 1 = 4. Suppose -p*y - 17 = -3*z + 5, -z - 4*y = 21. What is u(z)?
-10
Let w = 33 + -37. Let i(s) = -2*s**2 + 7*s + 3. Let c(n) = n**2 - 4*n - 1. Let v = 17 + -26. Let u(y) = v*c(y) + w*i(y). Determine u(8).
-3
Let h(t) = t. Let r be h(5). Let g(f) = 5*f**2 - r*f - 3*f + 5*f - f**3. Let a = -73 + 75. Calculate g(a).
6
Let l(u) = 14*u**3 + 11*u**2 - 6*u - 3. Let o(s) = -11*s**3 - 10*s**2 + 5*s + 1. Let n(x) = 4*l(x) + 5*o(x). What is n(5)?
-27
Let m(b) be the first derivative of -b**6/45 + b**4/24 - 2*b**3/3 - 1. Let v(d) be the third derivative of m(d). Let w be (6/(-12))/((-17)/34). What is v(w)?
-7
Let x(p) = -12 + 28*p - 15*p - 14*p. Calculate x(-9).
-3
Suppose 